 = 1048 - 1044. What is the greatest common factor of 148 and z?
4
Suppose 96 - 288 = -8*p. Calculate the highest common factor of 24 and p.
24
Let i(h) be the second derivative of h**4/6 - 5*h**3/6 + 11*h**2/2 - 6*h. Let r be i(5). Calculate the highest common factor of 216 and r.
36
Let g(u) = 2*u - u**3 + 10 + 18*u**2 + 0*u - u - 4*u**2. Let l be g(14). Calculate the greatest common divisor of l and 3.
3
Let x = 1567 + -1420. Calculate the highest common divisor of 6 and x.
3
Let l = 79 + -67. Suppose -l*k + 599 - 179 = 0. What is the greatest common divisor of k and 35?
35
Suppose 0 = 21*u - 407 - 55. What is the highest common factor of u and 264?
22
Let g = -22 - -10. Let v = g + 18. Calculate the greatest common factor of v and 18.
6
Let r(x) = 11*x - 3. Let f be r(2). Let c be (0 - 4/(-8))*-2. Let h(n) = -169*n + 2. Let d be h(c). Calculate the greatest common divisor of f and d.
19
Let h(m) = -2*m + 32. Let k be h(-9). What is the highest common factor of 850 and k?
50
Let p be (9/(-6))/((-377)/374 + 1). What is the highest common factor of 55 and p?
11
Let o(a) = 150*a + 2. Let m = -60 + 34. Let g = m - -27. Let i be o(g). What is the greatest common factor of i and 19?
19
Let h be -12 + 9 - 2*-13. Let c be h/6 + -1 - (-5)/30. Calculate the greatest common factor of c and 9.
3
Let i(d) = d**2 - 16*d - 25. Let s be i(18). Suppose 128 - s = 9*k. Calculate the highest common factor of 143 and k.
13
Let x = -14 + 25. Suppose 2*s + 7*a + 1 = 4*a, 0 = 3*s + 2*a - x. Calculate the highest common divisor of 42 and s.
7
Suppose 3*l + 34 = -5*c - 261, 2*c + 5*l = -118. Let n = 60 + c. What is the greatest common factor of n and 1?
1
Suppose -349 - 56 = -9*k. Let o(h) = -16*h**3 - 1. Let l be o(-1). Calculate the greatest common divisor of k and l.
15
Let a = -32 - -27. Let o be -9*(a - -4 - 4). What is the greatest common factor of 5 and o?
5
Let c = -181 + 261. Suppose 0 = 3*d - 0*t - 4*t - c, -d + 4*t = -24. What is the highest common divisor of 14 and d?
14
Suppose 0 = -2*j + 3*g + 22, -3*g + 5*g - 4 = 0. Let k be (469/j)/((-1)/2). Let d = -46 - k. Calculate the highest common factor of d and 7.
7
Suppose -311 = -5*w - 271. Calculate the highest common divisor of 16 and w.
8
Suppose d - 2*g = 4*d - 170, 5*d + 2*g - 286 = 0. What is the highest common factor of d and 928?
58
Let c(i) = -i**2 - 9*i + 2. Let f be c(-8). Suppose 2*t - 24 - f = 0. Calculate the greatest common divisor of t and 119.
17
Let m(n) = -2*n - 4. Let z be ((-9)/6)/((-4)/(-40)). Let q = z - -10. Let w be m(q). Calculate the greatest common divisor of 18 and w.
6
Let t = -37 - -27. Let r = 19 + t. Calculate the highest common factor of 9 and r.
9
Let l(y) = -11*y - 60. Let r be l(-22). What is the greatest common divisor of r and 26?
26
Suppose 511 = -44*n + 1391. Suppose 0 = -2*p + 3 - 9. Let k be p/1*4/(-3). What is the highest common factor of k and n?
4
Let l = 665 + -589. Calculate the highest common divisor of 95 and l.
19
Let t be ((224/(-3))/(-4))/((-6)/(-27)). Suppose -t = -v + 76. Calculate the greatest common divisor of v and 32.
32
Let w = -1227 - -1229. Calculate the highest common divisor of 101 and w.
1
Let r be (0 + -5)*6*132/(-45). Calculate the greatest common factor of 66 and r.
22
Suppose o = -3*o + 24. Let r(j) = 2*j**3 - 4*j. Let s be r(2). Suppose s*x - 5*x = 126. Calculate the greatest common divisor of o and x.
6
Let n(s) be the first derivative of -s**2/2 + 20*s - 14. Let v be n(-8). Calculate the highest common factor of v and 7.
7
Let m be -146*(-4 - 7/(-2)). Suppose -8*p + m = -55. Calculate the highest common divisor of p and 4.
4
Let v(k) = -44*k + 59. Let p be v(1). What is the highest common divisor of p and 45?
15
Let a(u) = u**2 - 3*u + 1. Let z be a(-4). Suppose 0 = 4*o + w - 27, w - 6 = -5*o + z. Calculate the highest common divisor of 16 and o.
8
Let d be 3 + -2 + 4 + (49 - -4). Calculate the highest common factor of 58 and d.
58
Suppose -642 = -5*y - 0*p + 2*p, 0 = -y - 3*p + 142. Suppose -4*g = -5*g + 104. Suppose -4*u = -6*u + g. What is the greatest common factor of y and u?
26
Let l be (-37)/((13 - 16)/(2 + 1)). What is the greatest common divisor of 111 and l?
37
Let d(z) = 9*z - 21. Let c be d(5). Suppose c*w = 21*w + 189. Calculate the greatest common divisor of w and 9.
9
Let p = 437 + -419. Calculate the highest common divisor of p and 882.
18
Let o(z) = -z**3 + 13*z**2 + 23*z - 6. Let k be o(14). Calculate the highest common factor of k and 15.
15
Let r(z) = 27*z - 221. Let n be r(11). What is the greatest common factor of n and 285?
19
Let n = 530 - 512. Calculate the greatest common factor of 10 and n.
2
Suppose x - p - 216 = 0, 3*x + 11*p - 656 = 12*p. Calculate the highest common factor of x and 44.
44
Let k(j) = -3*j - 1. Let y be k(-3). Suppose 0*n + 4*n - 4*a - 148 = 0, -5*a = n - 7. What is the greatest common factor of n and y?
8
Let r be 2/5 - (-2 + (-174)/15). Let c = 15 - r. What is the highest common divisor of 4 and c?
1
Let f(x) = -28*x - 624. Let s be f(-35). Calculate the highest common factor of 4 and s.
4
Let f(q) = -7*q - 22 - q**2 - 2*q - 8*q - 2*q. Let y be f(-17). Suppose -2*j = m - 96, -m + 97 = -2*j + 1. Calculate the greatest common factor of m and y.
12
Let x = 1912 - 1848. What is the highest common divisor of x and 1856?
64
Let t = 621 - 423. What is the greatest common divisor of 22 and t?
22
Let y = -7 - -18. Let g(r) = -r**3 - 85*r**2 - 96*r - 986. Let z be g(-84). What is the greatest common factor of y and z?
11
Suppose 3*t - p + 0*p = 50, 4*t = 3*p + 70. Calculate the greatest common factor of t and 144.
16
Let x(j) = -6*j**2 - 6*j + 0*j**2 + 3*j**2 - j**2 + j**3. Let v be x(7). What is the greatest common divisor of v and 15?
15
Suppose -t = 3 + 5. Let q be -262*(-4)/t - -3. Let a = -47 - q. What is the highest common divisor of a and 9?
9
Let x(v) = -5*v - 7*v**3 + 2 - 4*v**2 - v**2 + 3*v**3 + 3*v**3. Let c be x(-4). Suppose -c*f + 51 = -3*f. Calculate the highest common divisor of f and 68.
17
Let i(m) = -m**2 - 12*m - 9. Let n = 12 + -23. Let z be i(n). Calculate the greatest common factor of z and 14.
2
Let m be 1 + (-112)/(-20) - (-6)/(-10). Let w be m/(-2) + 9 + 3. Calculate the greatest common divisor of 9 and w.
9
Suppose 94 = 5*f - 2*o, -3*o - 26 = -f - 5*o. Suppose -5 + f = 5*j. Suppose j*y + 0*y = 60. What is the highest common divisor of y and 8?
4
Suppose -129 = -5*m - 2*i + 286, m - 105 = 4*i. What is the highest common factor of m and 2295?
85
Let l be 1*(3/1 - -4). Let t = l - -9. Let z be (-21)/(-4)*t/3. What is the highest common divisor of z and 224?
28
Suppose 2*g - 330 = -3*g. Suppose 6*j = 3*j + g. What is the greatest common divisor of j and 22?
22
Suppose q + q = 2804. Let k = q - 620. Suppose -5 = -h - 2, 5*v = -4*h + k. Calculate the highest common divisor of v and 14.
14
Suppose 391 = x + 4*j, 2*x + j + 391 = 3*x. Calculate the highest common factor of x and 17.
17
Let h be 3888/40*10/3. Suppose -3*t + 12 = 3. Let d be ((-8)/t)/(10/(-135)). Calculate the greatest common divisor of d and h.
36
Suppose -18 = -2*w + 26. Suppose -w = -3*l + 8. What is the greatest common divisor of 130 and l?
10
Suppose 4*x = -4*c + 100, -4*c - 2*x + 6*x + 140 = 0. What is the highest common factor of 54 and c?
6
Suppose 0 = -2*p + 5*p - 663. Suppose -o - 6 + 34 = 2*l, 3*l - 3*o = 33. Calculate the highest common divisor of p and l.
13
Suppose 3*a + 2*v = 63, a = -3*v + 11 + 10. Let c(k) = 2*k**2 + 3*k - 3. Let i be c(-3). Calculate the greatest common divisor of a and i.
3
Suppose 0 = -0*y - 5*y, 24 = 2*l - 3*y. Suppose l*s - 375 = -3*s. What is the highest common divisor of s and 200?
25
Suppose -4057 = -48*i + 2807. Calculate the highest common factor of i and 91.
13
Let q = 2674 + -1711. Calculate the greatest common factor of q and 27.
9
Suppose -3*z - d + 101 = 0, 3*d - 20 = -d. What is the highest common divisor of 80 and z?
16
Suppose 5*x - 11*j = -12*j + 3190, -2552 = -4*x - 3*j. What is the greatest common divisor of x and 44?
22
Suppose 3*f = -9, 3*u + 3*f - 696 = -2*u. Let s = 2 + u. What is the greatest common factor of s and 13?
13
Let p(g) = -g**2 - 16*g + 18. Let i be p(-10). What is the greatest common factor of i and 26?
26
Let f be 18/99 - 277/11. Let i be -1